k be -1 + u/(-4)*-2. What is the units digit of d(k)?
4
Let t be 411/(-21) - 18/42. What is the units digit of 149/6 + t/(-120)?
5
Suppose -26 = -3*r - 47. Let f(k) = k**2 + 11*k + 12. Let o be f(r). What is the units digit of -8*1*20/o?
0
Let u(n) be the first derivative of n**4/4 - 10*n**3/3 + 4*n**2 - 5*n + 14. What is the tens digit of u(10)?
7
Suppose 0*x + 5*r = -x - 14, 5*x = 2*r - 16. What is the tens digit of 2265/25 + x/(-10) + 0?
9
Let i(o) = o**2 + 7*o - 6. Let z be i(-7). Let d = -4 - z. Suppose -13 = -m + d*f, -50 = -3*m - 4*f - 1. What is the tens digit of m?
1
Suppose 4218 = 23*c - 17*c. Let k = 994 - c. What is the tens digit of k?
9
Let l be (8/(-6))/(-2)*(-12)/2. Let y(g) = 3*g**2 - 8*g - 9. What is the units digit of y(l)?
1
Let k be (-77)/(-2) + (-6)/(-4). Suppose -k = -5*i + 55. What is the units digit of i?
9
Let r(y) be the third derivative of y**5/60 - 7*y**4/24 - 4*y**3/3 + 18*y**2. What is the tens digit of r(10)?
2
Let s(x) = 25*x + 1. Suppose 4*t + 5*k - 25 = 0, 3*t + 2*k - 10 = 7. Suppose 12 = -3*p + t*o, -4*o - 10 = -p - 7*o. What is the tens digit of s(p)?
2
Let p = -14 - -18. Suppose -3*r - 6 = 4*c, 6 = 2*c + r - 4*r. Suppose 2*l - 3*h + 4 = c, -l + 2*h - p = -0*l. What is the units digit of l?
4
Let m = 529 + -247. Suppose -7*s + s - m = 0. Let t = 96 + s. What is the tens digit of t?
4
Suppose 0 = -2*n - 4, -n + 0*n = -2*g + 32. What is the units digit of (-8)/(-6) + 715/g?
9
Let p = 32 + 226. What is the tens digit of p?
5
Let w(n) = -n**3 - n**2 - n - 10. Let h be w(0). Let m be (-12)/(-18) - h/3. Suppose 3*t + i = 64, -m*t + 92 = 4*i - 6*i. What is the units digit of t?
2
Let r be 2/(-1) - (-44)/2. Let p(l) = -r*l + 10*l + 12*l + 13. What is the units digit of p(6)?
5
Let k(b) = 404*b**2 - 6*b + 1. What is the hundreds digit of k(2)?
6
Suppose 5*k + 36 = -24. Let h = -7 - k. What is the tens digit of 32 - 0 - (-3 + h)?
3
Let t = 278 - -339. Suppose -634 = -9*m + t. What is the tens digit of m?
3
Let h(b) = 2*b**2 + 2*b - b**2 + 3*b**2. Let j be h(-2). Let v = 31 + j. What is the units digit of v?
3
Let g(s) = -s**2 - 17*s + 17. Let o be g(-14). Suppose -5*w = -l - o, -l + 0*w = 2*w + 94. Let p = l + 143. What is the tens digit of p?
5
Let v = 27 - 22. Suppose -184 = -v*g + g. What is the units digit of g?
6
Let d = 99 + -105. Let m(i) = -32*i + 38. What is the hundreds digit of m(d)?
2
Suppose 2*k - 76 = d - 5, 3*k - d - 108 = 0. Let f = -230 + 206. Let w = k - f. What is the units digit of w?
1
What is the hundreds digit of 51/153*(2 - -5455)?
8
Suppose -129919 = -60*a + 110201. What is the units digit of a?
2
What is the thousands digit of (-225868)/(-38) + -8*(-9)/684?
5
Suppose 0*j + 128 = 2*j. Suppose -l + a + j = 3*l, -35 = -3*l + 4*a. Suppose 3*y - 2*u + l - 55 = 0, 0 = 4*y + 5*u - 20. What is the units digit of y?
0
Suppose r + 15 = 4*v, 2*r - v - 3*v + 42 = 0. What is the units digit of (175/(-4))/(r/108)?
5
Suppose 4*i = 4*b - 172, b + b - 10 = 0. Let l be 19/i + 118/4. Let u = -2 + l. What is the units digit of u?
7
Let s(r) = -37*r**3 - r**2 + 2*r - 1. Let o be (-1 + 2)/(-1 + 2). Let z be s(o). Let a = 69 + z. What is the tens digit of a?
3
Let x(w) = -2*w - 1. Let r be x(-2). Let m be 1/((-7)/2) - (-3370)/35. Suppose r*n + m = 5*n. What is the tens digit of n?
4
What is the tens digit of (4 + -1 - -1)*(-114030)/(-360)?
6
Suppose 28*z - 31*z + 680 = 4*y, z + 5*y = 234. What is the units digit of z?
4
Suppose -5*i + 6439 - 814 = 0. What is the tens digit of (-1)/(-3) + i/27?
4
Let q(i) = -20*i - 50. Let k be q(-7). Suppose 2*f - 4*z - k = 0, -3*f = 3*z - 160 - 2. What is the units digit of f?
1
Suppose -36537 = -127*f + 108*f. What is the units digit of f?
3
Let l = 1342 + -799. What is the units digit of l?
3
Suppose -36*f = -39*f + 36. Let p(k) = 3*k**2 - 29*k - 7. What is the units digit of p(f)?
7
Let c(g) = -21*g**3 + g**2 + 2*g + 1. Let x be c(-1). Suppose 950 = -16*a + x*a. What is the tens digit of a?
9
Let o = -123 + 127. Suppose 3*g - 3 = o*g, -4*g - 20 = -4*w. What is the units digit of w?
2
Let u(b) be the first derivative of b**3/3 + 5*b**2 + 32*b + 9. What is the tens digit of u(-14)?
8
Suppose 2*s = s + 8. Let p = -5 + s. Suppose -5*x + 5*y = -65, -4 = -x + y - p*y. What is the units digit of x?
0
Suppose -4*w + 112 = 4*g, 2*w - 25 - 79 = -4*g. Suppose 4*o + x = 55, 0 = -2*o - 0*x - 4*x + g. What is the tens digit of o?
1
Let m = 9 + 1. Suppose -4*f - v + m = -2*f, 0 = -3*v. Suppose -4*p + 60 = -0*p - 5*w, 2*p - 40 = f*w. What is the tens digit of p?
1
Let c be (-5)/(-15)*-1*183/1. Let o = c - -131. What is the tens digit of o?
7
Let u = -18 - -20. Suppose 2*a - 3*a + 162 = -u*t, 486 = 3*a - 4*t. What is the hundreds digit of a?
1
Let s = 216 + -59. What is the tens digit of s + (-2)/4*(-16)/(-8)?
5
Let t be ((-42)/(-4))/(4/40). Suppose -t - 120 = -5*x. Suppose 4*r = r + x. What is the units digit of r?
5
Let q(c) = -1 - 3*c + 2*c - 721*c**3 + 757*c**3. What is the tens digit of q(2)?
8
Let m(p) = 15*p**2 + 29*p + 5. What is the hundreds digit of m(5)?
5
Let u be -16 - -15 - (-9)/(-1). Let q = u - 48. Let k = q + 91. What is the tens digit of k?
3
Let a = -11839 - -20632. Suppose -3*p + a + 87 = 0. What is the units digit of p/50 - 2/10?
9
Let c = -5006 + 10323. What is the tens digit of c?
1
Let n(v) = v**3 + 6*v**2 + 4*v - 4. Let m be n(-5). Suppose 2*y = m + 3. Suppose -5*r + y*r + 42 = 0. What is the units digit of r?
4
Let f(w) = 1538*w + 157. What is the tens digit of f(1)?
9
Let s = 4331 + -1794. What is the tens digit of s?
3
What is the tens digit of (-9 + 14)/(3/78)?
3
Let q(p) be the third derivative of 0 + 0*p - 1/10*p**5 + 1/3*p**4 + 1/2*p**3 - 13*p**2 - 1/120*p**6. What is the units digit of q(-8)?
7
Suppose -i - 4 = i - 2*o, 3*o - 5 = 2*i. What is the tens digit of (-17)/34*(329 + -1)*i?
6
Let f be (27/9)/((-2)/(-4)). Suppose -2*g - 496 = -f*g. What is the tens digit of g?
2
Let v(f) = 4*f**2 + 28*f - 36. What is the units digit of v(-15)?
4
Suppose -2*n - 2*n + 23 = -5*q, -3*q = n + 7. Let f(d) = -d**3 - d**2 - 3*d - 2. What is the tens digit of f(q)?
2
Let b be (110/8)/(2/(-24)). Let x = 294 + b. What is the tens digit of x?
2
Suppose -4*m - 2 = -3*h - 4, 0 = -4*h + 2*m + 4. Suppose 8*q = -h*q + 1040. What is the tens digit of q?
0
Let w = -2277 - -3227. What is the tens digit of w?
5
Let a = 4466 - 2931. What is the tens digit of a?
3
Suppose -7*d + 3859 = 10*d. What is the tens digit of d?
2
Suppose -5*c = -1162 - 158. Suppose -188 = -2*z - z - 5*l, -5*z + c = -4*l. What is the units digit of z?
6
Suppose 22 - 10 = 6*h. Suppose -4 = h*z, -4*z = -7*l + 3*l + 440. What is the hundreds digit of l?
1
What is the thousands digit of 7*16/(-280) - (-22068)/20?
1
Let w(m) = -38*m - 217. What is the tens digit of w(-8)?
8
Let x(t) = -2*t**3 - 33*t**2 - 18*t + 130. What is the hundreds digit of x(-18)?
4
Let r(n) = -147*n + 30. What is the thousands digit of r(-7)?
1
Suppose -5*r + 4*v + 13 = 0, r + 1 - 21 = -5*v. Let h(w) = 2*w**2 + 2*w**2 - 5*w**2 - r + 11*w - 6. What is the units digit of h(8)?
3
Let w(h) = 353*h**2 - 4*h + 2. Let d be w(1). Suppose 0 = 5*s + 3*b - d, 3*s + s - 3*b = 270. What is the tens digit of s?
6
Let r(s) = 4*s**3 + 3*s**2 - s - 1. Let w(p) = -p**3 - p**2 - 2. Let y be w(-2). Let o be r(y). Suppose 0 = 5*x - o - 139. What is the tens digit of x?
3
Let m be (-32)/112 + (0 - 58/(-7)). Suppose -3*u - 180 = -m*u. What is the tens digit of u?
3
Let u(m) = 7*m**2 - 26*m + 57. What is the thousands digit of u(22)?
2
Suppose -2*r = -4*o + 3*r + 714, 0 = 2*o + r - 364. What is the units digit of o?
1
Let f(h) be the first derivative of -h**4/4 + 13*h**3/3 - 25*h**2/2 + 2*h - 19. What is the tens digit of f(8)?
2
Let w(o) = -o**3 + 4. Let x be w(2). What is the units digit of 2/(x/(-6)*3/45)?
5
Let d(a) = a**2 + 15. Suppose -j - 8 = -6. Let v be (-4 - -4)*(j + 1). What is the tens digit of d(v)?
1
Let i = -51 - -51. What is the hundreds digit of (-1 - 2) + i + 140?
1
Let j(d) = 16*d + 143. What is the tens digit of j(-8)?
1
Let a = -399 - -583. Suppose -4*w = -3*r - 0*w + a, 4*r + 2*w = 216. Suppose -3*f + r = u, 6*u - 10 = 4*u. What is the tens digit of f?
1
What is the hundreds digit of ((-1656)/(-230))/(2/250)?
9
Let y = -29 - -8. Let d = y - -12. 